Determine t(-1).
1980
Let a(c) = -16*c**2 - 778*c + 3103. Give a(4).
-265
Let f(d) = -23*d**2 - 2*d + 5353. What is f(15)?
148
Let t(i) = 3177*i - 149313. Calculate t(47).
6
Let v(q) = -q**3 - 341*q**2 + 723*q + 12699. What is v(-343)?
8
Let t(v) = -12329*v + 283535. Give t(23).
-32
Let c(h) = -57*h - 880. Calculate c(5).
-1165
Let v(c) = 143*c**2 - 407*c - 6. Determine v(4).
654
Let g(n) = n**2 + 920235*n - 3680953. Determine g(4).
3
Let i(h) = 2*h**2 + 27*h - 789. Give i(-28).
23
Let z(i) = -2*i**3 + 21*i**2 + 3*i - 101. Give z(14).
-1431
Let v(k) = k**3 + 10*k**2 - 2113*k - 21123. Calculate v(-10).
7
Let k(b) = 2*b**2 - 4318*b + 68968. What is k(16)?
392
Let s(c) = c**3 - 273*c**2 + 16386*c - 611. Calculate s(184).
1229
Let b(o) = -8*o**3 + 107*o**2 - 53*o + 101. Give b(13).
-81
Let y(t) = t**3 - t**2 - 123*t + 327. Determine y(10).
-3
Let a(p) = -6238259*p - 62382596. What is a(-10)?
-6
Let q(j) = 39*j**2 - 653*j - 5063. What is q(-7)?
1419
Let u(m) = 3*m**3 - 70*m**2 + 235*m + 41. Determine u(4).
53
Let i(f) = -24*f**3 - 47*f**2 + 8*f + 6. What is i(-2)?
-6
Let v(x) = -4*x**3 - 42*x**2 - 51*x + 28. What is v(-9)?
1
Let w(s) = 10800*s - 75593. What is w(7)?
7
Let k(p) = 7*p**3 - 1363*p**2 - 1368*p - 4. Give k(-1).
-6
Let c(h) = -163*h + 1378. Calculate c(10).
-252
Let j(q) = 89*q**2 - 1779*q + 19. What is j(20)?
39
Let o(b) = 165563*b + 28145710. Calculate o(-170).
0
Let x(k) = 7312*k + 51000. What is x(-7)?
-184
Let q(p) = -109*p**2 + 13075*p + 894. Give q(120).
294
Let c(a) = -27765*a - 17242068. Calculate c(-621).
-3
Let s(m) = -895*m + 16214. Give s(18).
104
Let p(m) = -157083*m + 4398315. Give p(28).
-9
Let q(n) = 122*n + 3447. Calculate q(-28).
31
Let a(h) = -49*h - 3421. Give a(-46).
-1167
Let d(s) = 8*s**3 + 305*s**2 + 13*s - 449. What is d(-38)?
501
Let c(d) = -2*d**2 - 9517*d + 76263. Give c(8).
-1
Let o(r) = 6*r**2 - 146*r + 542. Give o(18).
-142
Let i(z) = 4966*z - 9963. What is i(2)?
-31
Let v(o) = -1903*o + 14948. Give v(8).
-276
Let w(d) = 100*d**2 + 5508*d + 60325. Give w(-40).
5
Let l(d) = -1629*d - 40664. Give l(-25).
61
Let x(h) = -h**2 + 731*h - 133558. Determine x(358).
-24
Let f(n) = -251*n**3 - 12803*n**2 - 37*n + 3321. Calculate f(-51).
6
Let i(n) = -n**2 + 1518*n - 35945. Calculate i(24).
-89
Let i(b) = -6*b**3 + 91*b**2 - 19*b + 51. Give i(15).
-9
Let t(f) = -1326*f + 7182. Determine t(6).
-774
Let j(q) = -q**2 - 232*q - 12168. What is j(-152)?
-8
Let x(h) = -4*h**3 - 20*h**2 - h + 25. What is x(-1)?
10
Let y(l) = -3*l**3 - 84*l**2 - 470*l + 177. Calculate y(-20).
-23
Let y(d) = -d**3 - 166*d**2 + 146*d - 2359. What is y(-167)?
1148
Let b(c) = 7961*c - 23892. Give b(3).
-9
Let a(m) = 2*m**3 + 22*m**2 - 197*m - 2095. What is a(-9)?
2
Let o(d) = 2*d**3 + 155*d**2 + 8297*d + 653247. What is o(-78)?
-3
Let i(b) = -506*b - 18456. Give i(-36).
-240
Let z(u) = -u**3 + 162*u**2 - 6237*u - 4434. Calculate z(65).
-14
Let p(n) = 3*n**2 - 508*n + 13197. Give p(32).
13
Let l(q) = -6*q**3 + 152*q**2 - 190*q + 92. What is l(24)?
140
Let o(a) = 66*a + 1073. Determine o(27).
2855
Let i(t) = t**2 + 1146*t + 43148. What is i(-39)?
-25
Let q(j) = -1189*j + 42352. Give q(35).
737
Let f(t) = -t**3 + 118*t**2 + 1010*t - 108. Calculate f(126).
144
Let o(r) = -36*r**3 - 89*r**2 + 171*r + 57. What is o(2)?
-245
Let q(u) = -2*u**3 - u**2 + 294*u - 1137. What is q(4)?
-105
Let c(b) = -b**3 + 117*b**2 + 16905*b + 1774. Determine c(-84).
10
Let k(s) = s**2 + 665*s + 10798. Calculate k(-16).
414
Let s(v) = 3*v**3 - 77*v**2 - 67*v + 987. Determine s(27).
2094
Let g(m) = 150*m + 849. Determine g(-11).
-801
Let a(c) = 167*c**2 - 9358*c + 335. Determine a(56).
-1
Let i(u) = -u**2 - 195*u - 2305. Calculate i(-167).
2371
Let n(w) = -1348*w - 775100. Give n(-575).
0
Let z(d) = d**3 - 2*d**2 - 278*d + 1328. Give z(5).
13
Let j(m) = m**3 - 124*m**2 + 474*m + 854. What is j(120)?
134
Let k(u) = -u**2 + 392*u - 36573. Calculate k(153).
-6
Let h(x) = 2*x**2 - 2245*x + 48425. Give h(22).
3
Let y(m) = -m**3 + 76*m**2 - 75*m - 384. Give y(75).
-384
Let l(b) = -3057*b - 36537. Determine l(-12).
147
Let c(y) = -128*y - 16627. Give c(-110).
-2547
Let p(v) = v**3 + 169*v**2 + 1101*v - 245. Determine p(-7).
-14
Let y(i) = 461*i**2 + 1009*i + 2984. Give y(-3).
4106
Let t(z) = 173*z + 12053. Calculate t(-67).
462
Let z(x) = -x**3 + 67*x**2 + 1455*x + 462. Calculate z(-17).
3
Let y(p) = -p**2 + 50*p + 3635. Calculate y(86).
539
Let w(p) = -p**3 - 85*p**2 - 1714*p + 15. Give w(-33).
-51
Let s(i) = 16655*i + 716162. What is s(-43)?
-3
Let w(b) = -b**3 + 2*b**2 - 839*b + 2515. What is w(3)?
-11
Let q(z) = 6*z**2 + 16165*z + 963747. What is q(-61)?
8
Let n(m) = -4*m**2 - 7595*m - 68066. What is n(-9)?
-35
Let u(o) = -10001*o + 32667. Determine u(3).
2664
Let r(h) = h**3 - 73*h**2 + 221*h - 5946. What is r(71)?
-337
Let f(h) = -2*h**2 + 258*h - 7558. Calculate f(45).
2
Let w(x) = -657*x + 83602. What is w(127)?
163
Let n(q) = 105*q + 14016. Give n(-119).
1521
Let f(c) = 3*c**2 - 671*c + 25693. Give f(49).
17
Let x(i) = -15*i**3 + 7*i**2 - 5*i - 35. Calculate x(5).
-1760
Let d(z) = 10707*z**2 - 21469*z + 112. Give d(2).
2
Let t(l) = -7*l**2 - 545*l - 7509. Determine t(-60).
-9
Let r(j) = -3*j**3 - j**2 + 96*j + 95. Determine r(-1).
1
Let x(y) = -60*y**3 - 11*y**2 + 4*y + 17. Calculate x(-2).
445
Let g(q) = 32*q**2 + 1587*q - 7930. Determine g(5).
805
Let l(q) = 12*q**2 - 1650*q + 7833. Determine l(5).
-117
Let d(y) = -32*y**2 - 479*y - 1790. Determine d(-7).
-5
Let f(z) = 2*z**2 - 623*z - 33823. Determine f(-52).
3981
Let o(v) = -2*v**3 + 138*v**2 + 16239*v + 650. Calculate o(131).
-5
Let s(k) = -2*k**2 + 10224*k + 44. Give s(0).
44
Let z(a) = -2*a**3 - 17*a**2 + 74*a + 131. Calculate z(4).
27
Let o(y) = -23*y**2 - 1049*y - 135. What is o(-49)?
-3957
Let w(c) = 46*c**2 - 1120*c - 1167. Determine w(-1).
-1
Let o(w) = 3*w**2 + 618*w - 11391. Calculate o(-223).
-18
Let q(z) = z**2 - 1256*z + 8791. Give q(7).
48
Let u(s) = 2*s**2 - 722*s + 4956. Calculate u(354).
0
Let y(a) = 1775*a + 8413. Calculate y(-5).
-462
Let f(u) = 2225*u - 66447. Calculate f(30).
303
Let o(m) = 1453*m**2 + 16063*m + 919. Give o(-11).
39
Let q(u) = -u**3 + 43*u**2 + 106*u - 906. What is q(45)?
-186
Let j(v) = 2521*v + 1152103. Calculate j(-457).
6
Let p(l) = l**3 - 1937*l**2 + 5959*l - 458. What is p(3)?
13
Let n(i) = 505*i**2 + 3586*i + 168. Give n(-7).
-189
Let o(w) = -2*w**2 - 414*w + 17975. Give o(-244).
-81
Let g(h) = 83*h - 5535. Give g(67).
26
Let l(o) = o**3 + 16*o**2 - 21030*o - 294802. What is l(-14)?
10
Let y(l) = -6*l**2 + 87*l + 113. What is y(21)?
-706
Let v(k) = -3*k**3 - 15*k**2 - 398*k + 3193. What is v(9)?
-3791
Let u(i) = 26*i**2 - 846*i - 378. Calculate u(33).
18
Let l(n) = n**3 - 41*n**2 + 2058*n - 77244. Give l(39).
-24
Let n(h) = h**3 + 77*h**2 - 4680*h + 27. Calculate n(-117).
27
Let v(x) = -x**2 - 13230*x - 685260. What is v(-52)?
-4
Let j(y) = 2478*y + 4785. Calculate j(-2).
-171
Let v(d) = -14*d**2 + 25340*d - 50632. Give v(2).
-8
Let q(p) = -2*p**3 - 280*p**2 + 565*p - 349. Give q(-142).
77
Let z(t) = 13*t**3 + 134*t**2 - 3872*t - 39123. What is z(-10)?
-3
Let s(n) = 6*n**2 + 3163*n + 15789. What is s(-5)?
124
Let n(h) = -h**3 - 129*h**2 + 159*h + 3177. What is n(-130)?
-593
Let f(s) = 2909*s - 55264. Determine f(19).
7
Let y(l) = -l**3 - 83*l**2 - 389*l - 39772. Give y(-84).
-40
Let m(h) = -h**2 - 110*h - 1735. Calculate m(-102).
-919
Let r(q) = -80894*q - 80894. What is r(-1)?
0
Let y(h) = -h**2 + 97*h + 1474. Determine y(-17).
-464
Let k(s) = -1303*s + 54847. Give k(42).
121
Let y(l) = 2*l**3 + 159*l**2 + 236*l + 975. What is y(-78)?
819
Let r(h) = h**3 + 2*h**2 - 245*h - 103. Give r(0).
-103
Let j(y) = 161*y**3 + y**2 + 18*y - 17. Calculate j(1).
163
Let z(d) = -572*d**2 + 41190*d - 544. Calculate z(72).
-112
Let w(b) = 2682*b + 5054. Give w(-2).
-310
Let z(w) = 2*w**3 + 10*w**2 - 921*w - 5459. Give z(-6).
-5
Let k(y) = -7153*y + 42960. Determine k(6).
42
Let l(b) = 158*b + 37588. Determine l(-238).
-16
Let b(z) = 209*z - 4759. What is b(24)?
257
Let d(l) = 649601*l - 1948806. What is d(3)?
-3
Let w(i) = 160*i**2 - 1642*i + 413. Calculate w(10).
-7
Let v(d) = d**3 - 102*d**2 - 148*d - 751. Determine v(103).
-5386
Let d(x) = -7*x**2 - 2649*x + 17706. Give d(-385).
-4